 - 185. Let o = 58 - g. Is 1023/o + (-2)/(-7) prime?
False
Let k(y) = y**3 - 8*y**2 + 6*y - 3. Let d be k(7). Is (-46)/6*(1 + d) a composite number?
True
Let z = 304 + 1233. Is z composite?
True
Suppose -71 = 4*o - 5*o - 3*g, -3*o + 2*g + 191 = 0. Is o prime?
False
Suppose -4*n = -q - 24 + 8, q = n - 7. Let s be 5 + -5 + 5 + 1. Suppose n - s = -u. Is u a composite number?
False
Let v(y) = y**2 + 2*y - 1. Let j(p) = p. Let i(b) = -j(b) + v(b). Suppose 0*l = -2*l + 18. Is i(l) prime?
True
Suppose -4*i = -0*i - 40. Suppose -4*f + p + i = 0, -f - 1 = -2*p - 7. Suppose f*y + 3 = 9. Is y a prime number?
True
Let x be 2/(5/(1580/8)). Suppose -5 = f, -3*c + 2*c + x = -2*f. Is c a composite number?
True
Let m(q) = -11*q**3 + q**2 + 2*q + 1. Is m(-2) prime?
True
Let y be 6 - (-1 + -2 + 5). Suppose y*v - 66 = v. Is v a composite number?
True
Suppose 0 = -2*m + 4*m - 68. Suppose 0 = -5*s - m + 104. Is s a composite number?
True
Let z(r) = -105*r + 3. Let g(f) = 52*f - 2. Let t(i) = 5*g(i) + 3*z(i). Let h be t(-1). Suppose -h = -2*k + 140. Is k prime?
True
Let p(m) = -m**3 + 20*m**2 + 23. Is p(20) a composite number?
False
Let s = 1499 - 820. Is s a composite number?
True
Suppose -v = v + 16. Let f(b) = -2*b**3 - 8*b**2 + 3. Is f(v) prime?
False
Suppose -o = -2*j - 2*j + 4, 0 = -2*j + 3*o + 12. Suppose j = -g + 2*r + 44, g - 37 - 12 = 3*r. Is g a composite number?
True
Let x be 5 + -4 - (-4)/1. Let s = x - 4. Is 2 + (-77)/(0 - s) prime?
True
Suppose -f = -u + 307, 2*u + 2*u = -4*f + 1228. Is u composite?
False
Let p(b) = b**2 - 4*b + 2. Let q be p(4). Suppose 3*k - 11 = -q*y, -3 = -4*y - 2*k + 15. Suppose 3*m - 181 = -5*c + 178, -y*m + 472 = 5*c. Is m a prime number?
True
Let v(q) = -3*q - 4. Let w be v(-7). Let r = 6 - 4. Let h = r + w. Is h prime?
True
Let b = -8 - -4. Let f be b/(-16) + (-110)/(-8). Suppose -f + 4 = -t. Is t composite?
True
Suppose 0 = -b + 2*g - 150, b + 5*g = -2*b - 395. Let k = -91 - b. Is k a composite number?
True
Let q be (-36)/(-15)*(2 + 3). Let v be (3/9)/(4/q). Is (-23 + v)*(-7 - -6) a prime number?
False
Let s = 15 + -28. Let y = 39 + s. Is y composite?
True
Let l = 6 - 6. Suppose l = p + 3*p - 652. Is p prime?
True
Suppose -3*k - 5*g + 111 - 4 = 0, -k - 4*g + 31 = 0. Suppose 0 = -4*d + 3*f - k, -39 = 5*d - 5*f + 16. Is ((-1)/2)/(d/3612) a prime number?
False
Suppose 2*o - 11904 = -2*b - 0*o, 29763 = 5*b + 2*o. Is b a prime number?
True
Let b(a) = -a**2 + 95 + 0*a**2 - 26. Is b(0) composite?
True
Suppose -3*p + 17 = i, -4*i + 0*i + 5*p - 17 = 0. Suppose i*z + 0*z = 62. Is z a composite number?
False
Is 59/(-4)*(3 + -7) prime?
True
Let x be (-4 - -4)*1/2. Let s(p) = x*p - 3*p + 17 + 11*p**2 - 2 - p**3 - 2*p. Is s(10) a prime number?
False
Let o = -1 + 2. Is -141*o*(-1)/3 prime?
True
Suppose -15*f + 134 = -13*f. Is f prime?
True
Let v = -267 + 458. Is v prime?
True
Let q(y) = 410*y - 3. Is q(1) a composite number?
True
Let l(g) = g**3 - g - 6. Let r be l(0). Let f be (r/(-5))/(4/10). Suppose -f*y - 150 = -3*d, -3*d + 2*y + 49 = -2*d. Is d a composite number?
True
Let t = -763 - -1070. Is t a prime number?
True
Let g = 965 - 508. Suppose -4*f - q + g = 0, f - 5*q + 215 = 3*f. Is f prime?
False
Suppose 0 = -11*y + 16*y - 35. Suppose -3*g - 3 = 0, -y*p + 1312 = -3*p + 4*g. Is p prime?
False
Let n = -6 - -15. Is (-381)/n*9/(-3) a prime number?
True
Let a(v) = -58*v + 27. Is a(-8) a composite number?
False
Let b(y) = 3*y**2 + 8*y + 6. Is b(-4) prime?
False
Suppose -5*z + 2*m + 10496 = 0, -5*z + 9921 + 572 = -m. Is z composite?
True
Let r = 25 + -97. Let j = -56 - -195. Let c = j + r. Is c prime?
True
Suppose -5*q = 4*b - 7*b - 4, -2*b = -4*q + 4. Suppose 0 = -v + b*u - 4*u + 7, -4*v + 22 = 5*u. Suppose 19 = -v*f + 76. Is f a prime number?
True
Suppose 199 = 3*q - 3884. Is q prime?
True
Let o be (-3)/3*5 + 0. Let d be 6/(-15) + 208/o. Let r = d + 73. Is r prime?
True
Suppose -2*b - 18 = b. Let z = b - -12. Let w = z - -1. Is w a composite number?
False
Let k = -3639 - -6065. Is k composite?
True
Suppose 143 = -3*b - 121. Let m = -45 - b. Is m a composite number?
False
Let t(a) = a**3 + 4*a**2 + 2*a. Let i be t(-3). Suppose -4*s = -i*s - 31. Is s a composite number?
False
Suppose 3 = 3*o - 0. Suppose -u = 4*u - 3*z, -3*u - o = -2*z. Is -13*(-4 + u - 0) composite?
False
Suppose 2*q - 2*v - 269 = 3*v, -q + 3*v + 133 = 0. Suppose -113 - 35 = -4*y - 4*d, q = 4*y + d. Is y composite?
True
Let f(q) = 3*q**3 - 3*q**2 - 1. Let z(h) = h**2 + 7*h + 9. Suppose 3*j = -15, w - 2*j + 1 = 5. Let d be z(w). Is f(d) composite?
False
Suppose -3*u = -2*u + 16. Let a(x) = -x**3 - 16*x**2 - 4*x + 13. Is a(u) a prime number?
False
Is (1/(10/204))/(2/5) prime?
False
Let g(y) be the third derivative of y**8/3360 + y**6/144 - y**5/60 + y**4/6 - y**2. Let p(z) be the second derivative of g(z). Is p(3) a composite number?
False
Suppose 0 = 12*x - 2*x - 5210. Is x a composite number?
False
Let s(r) = 5*r**2 - 14*r - 16. Is s(15) a prime number?
False
Suppose -3*p - 1 = -7. Suppose -2*t + 1371 = 139. Is p/10 + t/20 a prime number?
True
Let z = -34 - -299. Is z composite?
True
Suppose 2*x - 8899 = 1927. Is x prime?
True
Suppose 2*o = 5*c - 4437, 0 = -2*o + 2 - 4. Is c prime?
True
Suppose -4*c = -7*c + 429. Is c composite?
True
Suppose 0 = n - 4*n + 921. Let b = n + -162. Is b prime?
False
Is 41649/5 + 56/(-70) a composite number?
False
Let y(a) = -64*a + 17. Is y(-8) prime?
False
Let q(u) = -80*u**3 + 2*u + 1. Let l be q(-1). Suppose -4*s + 3*y - 177 = -0*s, -2*y = 4*s + 162. Let a = s + l. Is a prime?
True
Let d be (-84)/(-10) + 10/(-25). Let y be (d/(-12))/(2/6). Is (2/y)/(2/(-22)) prime?
True
Let t(h) = 51*h - 4. Let s(y) = 50*y - 3. Let q(b) = 3*s(b) - 2*t(b). Is q(4) composite?
False
Suppose 160 = 4*k + 4*u, 2*u - 56 = -k - 14. Suppose k = 5*n - 62. Suppose -5*m + 2*l + 16 = 0, 0*m + 4*l = -3*m + n. Is m composite?
True
Suppose -3*a = 4*z - 3496, 3076 = 4*z - 4*a - 448. Is z prime?
True
Suppose 0*n = 5*n + 75. Let x be (-16)/10 + 6/n. Is (-22 - (x - -3))*-3 a prime number?
False
Is 2*906 + (13 - 14) a prime number?
True
Suppose 5*u - 889 = -3*t, 236 - 604 = -2*u + 5*t. Is u a prime number?
True
Suppose 2*x - 52 = 82. Is x composite?
False
Let g = -132 - -221. Is g prime?
True
Suppose -7*o + 8 = -3*o. Suppose 0 = -4*p + 2*p + 6, o*p - 4 = h. Is h/8 - 267/(-4) a composite number?
False
Let n = -175 - -266. Is n a composite number?
True
Suppose 3 - 7 = -4*r, -5*o - 4*r = -1709. Is o composite?
True
Suppose -3213 + 1228 = 5*d. Let m = d - -704. Is m a prime number?
True
Suppose 2*v + 1 + 5 = 0. Let k = 6 + v. Suppose -p + k*p = 574. Is p a composite number?
True
Suppose -f - 2*s = -123, -3*f + 4*s = -250 - 139. Is f a composite number?
False
Let b(c) = 69*c**2 - 7. Is b(-3) composite?
True
Let r(h) = -6*h - 3. Is r(-9) a prime number?
False
Suppose 3*w - 4 = 8. Suppose w*x - 277 = -65. Is x prime?
True
Suppose 0 = 2*i + 4 + 2. Let w = i - -22. Is w prime?
True
Is (1/(-2))/((-4 + 8)/(-1016)) prime?
True
Let z = 7 - 5. Let o(f) = z - 3*f + 2 + 10*f. Is o(6) a prime number?
False
Let n be 94*1*4/4. Let g = -63 + n. Is g a composite number?
False
Suppose -j + 589 = -2*c + 1630, -2087 = -4*c - 3*j. Is c prime?
True
Let f = -521 + 928. Is f a composite number?
True
Suppose 4*h + 2*i - 3366 = 0, -6*i + 2*i + 3376 = 4*h. Is h a prime number?
True
Let a(i) = 404*i + 19. Is a(23) prime?
True
Suppose 15 = -3*x, -s - 3711 = -3*s - 5*x. Suppose -2*a = 2*a - s. Is a a prime number?
True
Suppose -3*c + 400 = 2*c. Suppose -5*t = -3*r - 128, 0 = 3*t - 0*r - r - c. Is 1519/t + 6/8 a prime number?
False
Suppose -y + 348 = -3*o, 0*o - 357 = 3*o - 4*y. Let i = 410 + o. Is i a prime number?
False
Let k(d) = -d. Let x be k(-12). Let l(b) = b**2 - 6*b + 17. Is l(x) composite?
False
Let m(f) = 157*f**2 + f - 2. Let g be m(-2). Suppose -4*s - 3*k - 1318 = 0, -6*k = -3*s - k - 1003. Let y = g + s. Is y a composite number?
False
Suppose -12696 = -6*y - 858. Is y a prime number?
True
Let q = -81 - -35. Let v = 125 + q. Is v composite?
False
Let p(a) = 5*a + 587. Is p(0) a composite number?
False
Suppose 3*v - 185 = -80. Is v composite?
True
Let p(w) = -w**3 - 5*w**2. Let q be p(-5). Suppose 2*m - m - 54 = q. Let t = m + -17. Is t composite?
False
Let z(h) = 307*h**3 - h**2 - h + 2. Is z(